{"id":2935,"date":"2014-02-13T17:45:00","date_gmt":"2014-02-13T16:45:00","guid":{"rendered":"http:\/\/www.schymik.de\/wordpress\/?page_id=2935"},"modified":"2021-04-06T09:19:33","modified_gmt":"2021-04-06T08:19:33","slug":"biken-allgaeu-und-tannheimer-tal","status":"publish","type":"page","link":"https:\/\/www.schymik.de\/wordpress\/buch\/biken-allgaeu-und-tannheimer-tal\/","title":{"rendered":"Biken Allg\u00e4u und Tannheimer Tal"},"content":{"rendered":"\n<figure class=\"wp-block-image size-large\"><img decoding=\"async\" loading=\"lazy\" width=\"775\" height=\"1024\" src=\"http:\/\/www.schymik.de\/wordpress\/wp-content\/allgaeu3-775x1024.jpg\" alt=\"\" class=\"wp-image-4880\" srcset=\"https:\/\/www.schymik.de\/wordpress\/wp-content\/allgaeu3-775x1024.jpg 775w, https:\/\/www.schymik.de\/wordpress\/wp-content\/allgaeu3-600x793.jpg 600w, https:\/\/www.schymik.de\/wordpress\/wp-content\/allgaeu3-227x300.jpg 227w, https:\/\/www.schymik.de\/wordpress\/wp-content\/allgaeu3-768x1015.jpg 768w, https:\/\/www.schymik.de\/wordpress\/wp-content\/allgaeu3.jpg 1000w\" sizes=\"(max-width: 775px) 100vw, 775px\" \/><\/figure>\n\n\n\n<p>dritte Auflage, M\u00e4rz 2021<br \/>27 Touren zwischen welligen H\u00fcgeln und schroffen Felsen<br \/>von Carsten Schymik<\/p>\n\n\n\n<div class=\"wp-block-image\"><figure class=\"alignleft\"><a href=\"http:\/\/www.schymik.de\/wordpress\/wp-content\/buch-inside.jpg\"><img decoding=\"async\" loading=\"lazy\" width=\"300\" height=\"221\" src=\"http:\/\/www.schymik.de\/wordpress\/wp-content\/buch-inside-300x221.jpg\" alt=\"\" class=\"wp-image-2211\" srcset=\"https:\/\/www.schymik.de\/wordpress\/wp-content\/buch-inside-300x221.jpg 300w, https:\/\/www.schymik.de\/wordpress\/wp-content\/buch-inside-600x443.jpg 600w, https:\/\/www.schymik.de\/wordpress\/wp-content\/buch-inside.jpg 1000w\" sizes=\"(max-width: 300px) 100vw, 300px\" \/><\/a><figcaption>Blick ins Buch<\/figcaption><\/figure><\/div>\n\n\n\n<p>Zum Preis von 24,95 \u20ac gibt es diesen Bikeguide zu kaufen.<\/p>\n\n\n\n<p>Erschienen ist er im Bruckmann Verlag.<\/p>\n\n\n\n<p>Selbstverst\u00e4ndlich enth\u00e4lt das Buch neben den Tourenbeschreibungen auch umfangreiche Roadbooks, Karten und H\u00f6hendiagramme. Abgerundet wird das Paket mit einer Downloadm\u00f6glichkeit, die alle Touren als GPS-Tracks komfortabel zur Verf\u00fcgung stellt.<\/p>\n\n\n\n<div style=\"height:100px\" aria-hidden=\"true\" class=\"wp-block-spacer\"><\/div>\n\n\n\n<div class=\"wp-block-image\"><figure class=\"alignleft\"><a href=\"http:\/\/www.schymik.de\/wordpress\/wp-content\/carsten-Schymik-Profil.jpg\"><img decoding=\"async\" loading=\"lazy\" width=\"300\" height=\"199\" src=\"http:\/\/www.schymik.de\/wordpress\/wp-content\/carsten-Schymik-Profil-300x199.jpg\" alt=\"\" class=\"wp-image-1987\" srcset=\"https:\/\/www.schymik.de\/wordpress\/wp-content\/carsten-Schymik-Profil-300x199.jpg 300w, https:\/\/www.schymik.de\/wordpress\/wp-content\/carsten-Schymik-Profil-600x400.jpg 600w, https:\/\/www.schymik.de\/wordpress\/wp-content\/carsten-Schymik-Profil.jpg 800w\" sizes=\"(max-width: 300px) 100vw, 300px\" \/><\/a><figcaption>Der Autor<\/figcaption><\/figure><\/div>\n\n\n\n<p><strong>die Touren:<\/strong><\/p>\n\n\n\n<p>von der einfachen flachen und kindertauglichen Einsteigertour \u00fcber den Schotterwege-Marathon bis hin zu knackien Freeridetouren im alpinen Gel\u00e4nde findet jeder Biker die passende Tour. Ich habe ein ganzes Jahr in der Region recherchiert und habe die sch\u00f6nsten Touren in diesem Buch zusammen gefasst.<\/p>\n\n\n\n<div style=\"height:100px\" aria-hidden=\"true\" class=\"wp-block-spacer\"><\/div>\n\n\n<figure id=\"attachment_1985\" aria-describedby=\"caption-attachment-1985\" style=\"width: 300px\" class=\"wp-caption alignleft\"><a style=\"display: inline !important;\" href=\"http:\/\/www.schymik.de\/wordpress\/wp-content\/Enzian.jpg\"><img decoding=\"async\" loading=\"lazy\" class=\"wp-image-1985 size-medium\" title=\"Enzian\" src=\"http:\/\/www.schymik.de\/wordpress\/wp-content\/Enzian-300x199.jpg\" alt=\"\" width=\"300\" height=\"199\" srcset=\"https:\/\/www.schymik.de\/wordpress\/wp-content\/Enzian-300x199.jpg 300w, https:\/\/www.schymik.de\/wordpress\/wp-content\/Enzian-600x400.jpg 600w, https:\/\/www.schymik.de\/wordpress\/wp-content\/Enzian.jpg 800w\" sizes=\"(max-width: 300px) 100vw, 300px\" \/><\/a><figcaption id=\"caption-attachment-1985\" class=\"wp-caption-text\">Enzian<\/figcaption><\/figure>\n<p><strong>das Revier:<\/strong><\/p>\n<p>erstreckt sich von Oberstaufen \u00fcber Sonthofen und f\u00fchrt dann ins Trailparadies Kleinwalsertal. Talorte wie Oberstdorf, Bad Hindelang sind der Ausgangspunkt f\u00fcr weitere Touren. Im Tannheimer Tal finden wir ein Tourenangebot der Extraklasse. Bei F\u00fcssen locken die Allg\u00e4uer Seen und in Pfronten entdecken wir Trails und deftige Anstiege. Ein gro\u00dfer Allg\u00e4ucross verbindet zudem all die Gebiete zu einer f\u00fcnft\u00e4gigen Tour.<\/p>\n<p>Es gibt zu allen Touren GPS-Tracks, die unter <a title=\"Download\" href=\"http:\/\/planetoutdoor.de\/downloads\/4772\/mountainbiken-allgaeu-und-tannheimer-tal\" target=\"_blank\" rel=\"noopener noreferrer\">gps.bruckmann.de<\/a> heruntergeladen werden k\u00f6nnen.<\/p>\n<p>Die Tracks k\u00f6nnen \u00fcbrigens auch von nicht GPS Nutzern mit allen digitalen Karten\u00a0ge\u00f6ffnet, auf die Karte projiziert und ausgedruckt werden.<br \/>In Kombination mit Garmin <a title=\"Base Camp\" href=\"http:\/\/www8.garmin.com\/support\/download_details.jsp?id=4435\" target=\"_blank\" rel=\"noopener noreferrer\">Base Camp<\/a> und <a title=\"open MTB map\" href=\"http:\/\/openmtbmap.org\/de\/\" target=\"_blank\" rel=\"noopener noreferrer\">Openmtb-Maps<\/a> sogar komplett kostenlos.<\/p>\n<p>Einige Toureindr\u00fccke aus dem Buch gibt es nat\u00fcrlich hier auf meiner Webseite. Hier habe ich ein paar <a title=\"Touren im Allg\u00e4u\" href=\"http:\/\/www.schymik.de\/wordpress\/?tag=allgau\" target=\"_blank\" rel=\"noopener noreferrer\">Blog-Eintr\u00e4ge<\/a> zusammen gefasst.<\/p>\n<figure id=\"attachment_1986\" aria-describedby=\"caption-attachment-1986\" style=\"width: 300px\" class=\"wp-caption alignleft\"><a href=\"http:\/\/www.schymik.de\/wordpress\/wp-content\/Zipfelsalpe.jpg\"><img decoding=\"async\" loading=\"lazy\" class=\"size-medium wp-image-1986\" title=\"Zipfelsalpe\" src=\"http:\/\/www.schymik.de\/wordpress\/wp-content\/Zipfelsalpe-300x199.jpg\" alt=\"\" width=\"300\" height=\"199\" srcset=\"https:\/\/www.schymik.de\/wordpress\/wp-content\/Zipfelsalpe-300x199.jpg 300w, https:\/\/www.schymik.de\/wordpress\/wp-content\/Zipfelsalpe-600x400.jpg 600w, https:\/\/www.schymik.de\/wordpress\/wp-content\/Zipfelsalpe.jpg 800w\" sizes=\"(max-width: 300px) 100vw, 300px\" \/><\/a><figcaption id=\"caption-attachment-1986\" class=\"wp-caption-text\">auf dem Trail<\/figcaption><\/figure>\n<p><strong>weitere Informationen zum Buch:<\/strong><\/p>\n<p><a title=\"Feedback\" href=\"http:\/\/www.schymik.de\/wordpress\/?p=2270\">Euer Feedback<\/a><\/p>\n<p><a title=\"aktuelle Informationen\" href=\"http:\/\/www.schymik.de\/wordpress\/?page_id=1992\">Erg\u00e4nzungen und aktuelle Informationen<\/a><\/p>\n<p><a title=\"Internetadressen\" href=\"http:\/\/www.schymik.de\/wordpress\/?page_id=1990\">Internet-Links aus dem Buch<\/a><\/p>\n<p>\u00a0<\/p>\n\n\n<div style=\"height:100px\" aria-hidden=\"true\" class=\"wp-block-spacer\"><\/div>\n\n\n\n<p>Du kannst das Buch direkt in meinem <a href=\"https:\/\/www.schymik.de\/wordpress\/produkt\/mtb-allgaeu-biken-allgaeu-und-tannheimer-tal\/\">Online-Shop<\/a> bestellen<\/p>\n\n\n\n<p>Erh\u00e4ltlich ist das Buch im Buchhandel oder Ihr k\u00f6nnt es direkt hier bei <a href=\"https:\/\/amzn.to\/3sVNGmC\" target=\"_blank\" rel=\"noreferrer noopener\">AMAZON<\/a> kaufen.<\/p>\n","protected":false},"excerpt":{"rendered":"<p>dritte Auflage, M\u00e4rz 202127 Touren zwischen welligen H\u00fcgeln und schroffen Felsenvon Carsten Schymik Zum Preis von 24,95 \u20ac gibt es diesen Bikeguide zu kaufen. Erschienen ist er im Bruckmann Verlag. Selbstverst\u00e4ndlich enth\u00e4lt das Buch neben den Tourenbeschreibungen auch umfangreiche Roadbooks, Karten und H\u00f6hendiagramme. Abgerundet wird das Paket mit einer Downloadm\u00f6glichkeit, die alle Touren als GPS-Tracks [&hellip;]<\/p>\n","protected":false},"author":1,"featured_media":4880,"parent":1981,"menu_order":0,"comment_status":"open","ping_status":"open","template":"","meta":[],"yoast_head":"<!-- This site is optimized with the Yoast SEO plugin v21.0 - https:\/\/yoast.com\/wordpress\/plugins\/seo\/ -->\n<title>Biken Allg\u00e4u und Tannheimer Tal - Transalp Homepage<\/title>\n<meta name=\"robots\" content=\"index, follow, max-snippet:-1, max-image-preview:large, max-video-preview:-1\" \/>\n<link rel=\"canonical\" href=\"https:\/\/www.schymik.de\/wordpress\/buch\/biken-allgaeu-und-tannheimer-tal\/\" \/>\n<meta property=\"og:locale\" content=\"de_DE\" \/>\n<meta property=\"og:type\" content=\"article\" \/>\n<meta property=\"og:title\" content=\"Biken Allg\u00e4u und Tannheimer Tal - Transalp Homepage\" \/>\n<meta property=\"og:description\" content=\"dritte Auflage, M\u00e4rz 202127 Touren zwischen welligen H\u00fcgeln und schroffen Felsenvon Carsten Schymik Zum Preis von 24,95 \u20ac gibt es diesen Bikeguide zu kaufen. Erschienen ist er im Bruckmann Verlag. Selbstverst\u00e4ndlich enth\u00e4lt das Buch neben den Tourenbeschreibungen auch umfangreiche Roadbooks, Karten und H\u00f6hendiagramme. Abgerundet wird das Paket mit einer Downloadm\u00f6glichkeit, die alle Touren als GPS-Tracks [&hellip;]\" \/>\n<meta property=\"og:url\" content=\"https:\/\/www.schymik.de\/wordpress\/buch\/biken-allgaeu-und-tannheimer-tal\/\" \/>\n<meta property=\"og:site_name\" content=\"Transalp Homepage\" \/>\n<meta property=\"article:publisher\" content=\"https:\/\/www.facebook.com\/carsten.schymik\" \/>\n<meta property=\"article:modified_time\" content=\"2021-04-06T08:19:33+00:00\" \/>\n<meta property=\"og:image\" content=\"https:\/\/www.schymik.de\/wordpress\/wp-content\/allgaeu3.jpg\" \/>\n\t<meta property=\"og:image:width\" content=\"1000\" \/>\n\t<meta property=\"og:image:height\" content=\"1322\" \/>\n\t<meta property=\"og:image:type\" content=\"image\/jpeg\" \/>\n<meta name=\"twitter:card\" content=\"summary_large_image\" \/>\n<meta name=\"twitter:label1\" content=\"Gesch\u00e4tzte Lesezeit\" \/>\n\t<meta name=\"twitter:data1\" content=\"2\u00a0Minuten\" \/>\n<script type=\"application\/ld+json\" class=\"yoast-schema-graph\">{\"@context\":\"https:\/\/schema.org\",\"@graph\":[{\"@type\":\"WebPage\",\"@id\":\"https:\/\/www.schymik.de\/wordpress\/buch\/biken-allgaeu-und-tannheimer-tal\/\",\"url\":\"https:\/\/www.schymik.de\/wordpress\/buch\/biken-allgaeu-und-tannheimer-tal\/\",\"name\":\"Biken Allg\u00e4u und Tannheimer Tal - Transalp Homepage\",\"isPartOf\":{\"@id\":\"https:\/\/www.schymik.de\/wordpress\/#website\"},\"datePublished\":\"2014-02-13T16:45:00+00:00\",\"dateModified\":\"2021-04-06T08:19:33+00:00\",\"breadcrumb\":{\"@id\":\"https:\/\/www.schymik.de\/wordpress\/buch\/biken-allgaeu-und-tannheimer-tal\/#breadcrumb\"},\"inLanguage\":\"de\",\"potentialAction\":[{\"@type\":\"ReadAction\",\"target\":[\"https:\/\/www.schymik.de\/wordpress\/buch\/biken-allgaeu-und-tannheimer-tal\/\"]}]},{\"@type\":\"BreadcrumbList\",\"@id\":\"https:\/\/www.schymik.de\/wordpress\/buch\/biken-allgaeu-und-tannheimer-tal\/#breadcrumb\",\"itemListElement\":[{\"@type\":\"ListItem\",\"position\":1,\"name\":\"Startseite\",\"item\":\"https:\/\/www.schymik.de\/wordpress\/\"},{\"@type\":\"ListItem\",\"position\":2,\"name\":\"B\u00fccher\",\"item\":\"https:\/\/www.schymik.de\/wordpress\/buch\/\"},{\"@type\":\"ListItem\",\"position\":3,\"name\":\"Biken Allg\u00e4u und Tannheimer Tal\"}]},{\"@type\":\"WebSite\",\"@id\":\"https:\/\/www.schymik.de\/wordpress\/#website\",\"url\":\"https:\/\/www.schymik.de\/wordpress\/\",\"name\":\"Transalp Homepage\",\"description\":\"Alles rund ums Mountainbike, Alpencross und Bikebergsteigen\",\"publisher\":{\"@id\":\"https:\/\/www.schymik.de\/wordpress\/#\/schema\/person\/f4792950b1a3875a57d4fc2380f11e22\"},\"potentialAction\":[{\"@type\":\"SearchAction\",\"target\":{\"@type\":\"EntryPoint\",\"urlTemplate\":\"https:\/\/www.schymik.de\/wordpress\/?s={search_term_string}\"},\"query-input\":\"required name=search_term_string\"}],\"inLanguage\":\"de\"},{\"@type\":[\"Person\",\"Organization\"],\"@id\":\"https:\/\/www.schymik.de\/wordpress\/#\/schema\/person\/f4792950b1a3875a57d4fc2380f11e22\",\"name\":\"Carsten\",\"image\":{\"@type\":\"ImageObject\",\"inLanguage\":\"de\",\"@id\":\"https:\/\/www.schymik.de\/wordpress\/#\/schema\/person\/image\/\",\"url\":\"https:\/\/www.schymik.de\/wordpress\/wp-content\/Schymik-Carsten-51x51cm.jpg\",\"contentUrl\":\"https:\/\/www.schymik.de\/wordpress\/wp-content\/Schymik-Carsten-51x51cm.jpg\",\"width\":1530,\"height\":1530,\"caption\":\"Carsten\"},\"logo\":{\"@id\":\"https:\/\/www.schymik.de\/wordpress\/#\/schema\/person\/image\/\"},\"sameAs\":[\"http:\/\/www.schymik.de\",\"https:\/\/www.facebook.com\/carsten.schymik\",\"https:\/\/www.instagram.com\/carstenschymik\/\",\"https:\/\/www.youtube.com\/@CarstenSchymik\"]}]}<\/script>\n<!-- \/ Yoast SEO plugin. -->","yoast_head_json":{"title":"Biken Allg\u00e4u und Tannheimer Tal - Transalp Homepage","robots":{"index":"index","follow":"follow","max-snippet":"max-snippet:-1","max-image-preview":"max-image-preview:large","max-video-preview":"max-video-preview:-1"},"canonical":"https:\/\/www.schymik.de\/wordpress\/buch\/biken-allgaeu-und-tannheimer-tal\/","og_locale":"de_DE","og_type":"article","og_title":"Biken Allg\u00e4u und Tannheimer Tal - Transalp Homepage","og_description":"dritte Auflage, M\u00e4rz 202127 Touren zwischen welligen H\u00fcgeln und schroffen Felsenvon Carsten Schymik Zum Preis von 24,95 \u20ac gibt es diesen Bikeguide zu kaufen. Erschienen ist er im Bruckmann Verlag. Selbstverst\u00e4ndlich enth\u00e4lt das Buch neben den Tourenbeschreibungen auch umfangreiche Roadbooks, Karten und H\u00f6hendiagramme. Abgerundet wird das Paket mit einer Downloadm\u00f6glichkeit, die alle Touren als GPS-Tracks [&hellip;]","og_url":"https:\/\/www.schymik.de\/wordpress\/buch\/biken-allgaeu-und-tannheimer-tal\/","og_site_name":"Transalp Homepage","article_publisher":"https:\/\/www.facebook.com\/carsten.schymik","article_modified_time":"2021-04-06T08:19:33+00:00","og_image":[{"width":1000,"height":1322,"url":"https:\/\/www.schymik.de\/wordpress\/wp-content\/allgaeu3.jpg","type":"image\/jpeg"}],"twitter_card":"summary_large_image","twitter_misc":{"Gesch\u00e4tzte Lesezeit":"2\u00a0Minuten"},"schema":{"@context":"https:\/\/schema.org","@graph":[{"@type":"WebPage","@id":"https:\/\/www.schymik.de\/wordpress\/buch\/biken-allgaeu-und-tannheimer-tal\/","url":"https:\/\/www.schymik.de\/wordpress\/buch\/biken-allgaeu-und-tannheimer-tal\/","name":"Biken Allg\u00e4u und Tannheimer Tal - Transalp Homepage","isPartOf":{"@id":"https:\/\/www.schymik.de\/wordpress\/#website"},"datePublished":"2014-02-13T16:45:00+00:00","dateModified":"2021-04-06T08:19:33+00:00","breadcrumb":{"@id":"https:\/\/www.schymik.de\/wordpress\/buch\/biken-allgaeu-und-tannheimer-tal\/#breadcrumb"},"inLanguage":"de","potentialAction":[{"@type":"ReadAction","target":["https:\/\/www.schymik.de\/wordpress\/buch\/biken-allgaeu-und-tannheimer-tal\/"]}]},{"@type":"BreadcrumbList","@id":"https:\/\/www.schymik.de\/wordpress\/buch\/biken-allgaeu-und-tannheimer-tal\/#breadcrumb","itemListElement":[{"@type":"ListItem","position":1,"name":"Startseite","item":"https:\/\/www.schymik.de\/wordpress\/"},{"@type":"ListItem","position":2,"name":"B\u00fccher","item":"https:\/\/www.schymik.de\/wordpress\/buch\/"},{"@type":"ListItem","position":3,"name":"Biken Allg\u00e4u und Tannheimer Tal"}]},{"@type":"WebSite","@id":"https:\/\/www.schymik.de\/wordpress\/#website","url":"https:\/\/www.schymik.de\/wordpress\/","name":"Transalp Homepage","description":"Alles rund ums Mountainbike, Alpencross und Bikebergsteigen","publisher":{"@id":"https:\/\/www.schymik.de\/wordpress\/#\/schema\/person\/f4792950b1a3875a57d4fc2380f11e22"},"potentialAction":[{"@type":"SearchAction","target":{"@type":"EntryPoint","urlTemplate":"https:\/\/www.schymik.de\/wordpress\/?s={search_term_string}"},"query-input":"required name=search_term_string"}],"inLanguage":"de"},{"@type":["Person","Organization"],"@id":"https:\/\/www.schymik.de\/wordpress\/#\/schema\/person\/f4792950b1a3875a57d4fc2380f11e22","name":"Carsten","image":{"@type":"ImageObject","inLanguage":"de","@id":"https:\/\/www.schymik.de\/wordpress\/#\/schema\/person\/image\/","url":"https:\/\/www.schymik.de\/wordpress\/wp-content\/Schymik-Carsten-51x51cm.jpg","contentUrl":"https:\/\/www.schymik.de\/wordpress\/wp-content\/Schymik-Carsten-51x51cm.jpg","width":1530,"height":1530,"caption":"Carsten"},"logo":{"@id":"https:\/\/www.schymik.de\/wordpress\/#\/schema\/person\/image\/"},"sameAs":["http:\/\/www.schymik.de","https:\/\/www.facebook.com\/carsten.schymik","https:\/\/www.instagram.com\/carstenschymik\/","https:\/\/www.youtube.com\/@CarstenSchymik"]}]}},"_links":{"self":[{"href":"https:\/\/www.schymik.de\/wordpress\/wp-json\/wp\/v2\/pages\/2935"}],"collection":[{"href":"https:\/\/www.schymik.de\/wordpress\/wp-json\/wp\/v2\/pages"}],"about":[{"href":"https:\/\/www.schymik.de\/wordpress\/wp-json\/wp\/v2\/types\/page"}],"author":[{"embeddable":true,"href":"https:\/\/www.schymik.de\/wordpress\/wp-json\/wp\/v2\/users\/1"}],"replies":[{"embeddable":true,"href":"https:\/\/www.schymik.de\/wordpress\/wp-json\/wp\/v2\/comments?post=2935"}],"version-history":[{"count":17,"href":"https:\/\/www.schymik.de\/wordpress\/wp-json\/wp\/v2\/pages\/2935\/revisions"}],"predecessor-version":[{"id":4915,"href":"https:\/\/www.schymik.de\/wordpress\/wp-json\/wp\/v2\/pages\/2935\/revisions\/4915"}],"up":[{"embeddable":true,"href":"https:\/\/www.schymik.de\/wordpress\/wp-json\/wp\/v2\/pages\/1981"}],"wp:featuredmedia":[{"embeddable":true,"href":"https:\/\/www.schymik.de\/wordpress\/wp-json\/wp\/v2\/media\/4880"}],"wp:attachment":[{"href":"https:\/\/www.schymik.de\/wordpress\/wp-json\/wp\/v2\/media?parent=2935"}],"curies":[{"name":"wp","href":"https:\/\/api.w.org\/{rel}","templated":true}]}}